alculate the greatest common factor of 22127052 and 48.
12
What is the greatest common factor of 1224 and 46719672?
408
What is the greatest common factor of 657880921 and 29?
29
Calculate the greatest common factor of 64656 and 14244.
12
Calculate the greatest common divisor of 18 and 35662266.
18
Calculate the highest common factor of 1375491224 and 688.
344
Calculate the highest common divisor of 1029 and 2406887.
7
What is the greatest common divisor of 57665 and 380?
95
Calculate the greatest common divisor of 1968033 and 5238.
291
Calculate the greatest common divisor of 1224 and 84726.
18
Calculate the greatest common divisor of 39 and 157380483.
39
What is the greatest common divisor of 268340 and 6960?
20
Calculate the highest common divisor of 1068 and 66237.
3
Calculate the greatest common factor of 1067 and 27731231.
11
Calculate the greatest common factor of 4086775 and 182105.
4235
What is the greatest common factor of 22 and 34267211?
11
Calculate the greatest common divisor of 56 and 108727984.
8
What is the highest common divisor of 55276 and 253318?
26
Calculate the highest common divisor of 16115579 and 3297.
157
What is the greatest common divisor of 325285 and 268?
67
What is the greatest common divisor of 115744 and 64672?
32
What is the highest common divisor of 93226 and 19684?
14
Calculate the highest common divisor of 571152 and 7092456.
3912
Calculate the greatest common divisor of 99843594 and 342.
114
What is the greatest common divisor of 2169543 and 21?
3
What is the greatest common factor of 16386 and 210?
6
Calculate the highest common divisor of 59976 and 46631.
17
What is the greatest common divisor of 78541519 and 1393?
1393
Calculate the greatest common divisor of 17754 and 1714504.
22
Calculate the highest common divisor of 86080 and 18739885.
1345
What is the greatest common factor of 16683 and 848019?
201
What is the greatest common divisor of 590 and 2131670?
590
Calculate the highest common divisor of 131477645 and 2630.
1315
Calculate the highest common factor of 25 and 409054775.
25
Calculate the greatest common divisor of 19275979 and 566.
283
Calculate the greatest common divisor of 11774 and 705599.
841
What is the greatest common divisor of 2109 and 595055756?
703
Calculate the greatest common factor of 1264380 and 14625.
195
Calculate the highest common factor of 29898576 and 144.
144
Calculate the highest common factor of 648342 and 207.
9
Calculate the highest common divisor of 660 and 133623435.
165
What is the highest common factor of 3619 and 6267121?
329
What is the highest common factor of 13668 and 120867?
3
Calculate the greatest common factor of 14240640 and 15648.
96
Calculate the greatest common factor of 3501217 and 244.
61
Calculate the greatest common factor of 56439 and 6849.
9
Calculate the highest common factor of 1496 and 3693080.
136
What is the highest common divisor of 153 and 12204657?
153
What is the greatest common divisor of 113128 and 848618?
158
What is the greatest common factor of 7135083 and 4163?
23
Calculate the greatest common divisor of 64474550 and 210.
70
What is the greatest common factor of 109388 and 1292443?
1189
Calculate the greatest common divisor of 53498 and 199364.
46
What is the highest common factor of 697 and 242063?
17
Calculate the highest common factor of 26250 and 43590.
30
What is the greatest common factor of 175119 and 8603427?
5649
Calculate the highest common factor of 386744 and 1769.
29
What is the highest common factor of 2254043 and 99?
11
Calculate the greatest common factor of 1667597664 and 12.
12
What is the greatest common divisor of 1087691 and 64416?
671
What is the greatest common factor of 64397 and 278249?
71
What is the greatest common factor of 6619838 and 4?
2
Calculate the highest common divisor of 2932531 and 3.
1
Calculate the highest common divisor of 243564632 and 1048.
1048
Calculate the greatest common factor of 10385 and 23850191.
2077
What is the greatest common factor of 13170 and 434250?
30
Calculate the highest common factor of 652513 and 134.
67
What is the greatest common divisor of 15132 and 2497404?
156
What is the highest common factor of 70808145 and 255?
255
What is the highest common divisor of 99479 and 248?
31
Calculate the greatest common factor of 38570250 and 1500.
750
What is the greatest common divisor of 4680 and 159835?
65
Calculate the greatest common factor of 285075889 and 56.
7
Calculate the greatest common divisor of 54 and 18923922.
54
Calculate the highest common divisor of 33904 and 4013386.
4238
What is the highest common factor of 6900 and 485852?
92
What is the greatest common factor of 24420 and 529320?
660
Calculate the highest common divisor of 31536003 and 5779.
5779
Calculate the highest common divisor of 150344202 and 1819.
107
Calculate the greatest common factor of 9 and 549912.
3
What is the greatest common divisor of 22 and 483494671?
11
What is the greatest common factor of 7657 and 9170730?
589
Calculate the greatest common divisor of 2005773 and 10923.
33
Calculate the highest common factor of 6044 and 58900291.
1511
Calculate the highest common divisor of 5868954 and 183456.
1638
What is the greatest common factor of 1374 and 33539340?
1374
What is the highest common factor of 21321111 and 204?
51
Calculate the greatest common factor of 84 and 21058618.
14
What is the highest common divisor of 9 and 1470595923?
9
What is the highest common divisor of 632286405 and 3225?
645
Calculate the highest common divisor of 743 and 7895861.
743
Calculate the highest common divisor of 99064 and 360934.
406
What is the greatest common divisor of 799383068 and 1804?
1804
What is the greatest common divisor of 92 and 2469326?
46
Calculate the highest common divisor of 28080 and 38974.
26
Calculate the highest common divisor of 651565 and 83711.
863
What is the highest common factor of 43301 and 15317?
53
Calculate the highest common factor of 8139155 and 45.
5
Calculate the highest common factor of 15946827 and 246.
123
Calculate the highest common divisor of 504 and 60611523.
21
What is the highest common factor of 1027782945 and 405?
135
What is the highest common divisor of 108 and 222172152?
12
Calculate the greatest common factor of 3021046 and 12412.
58
What is the highest common factor of 201924 and 24034068?
2556
Calculate the greatest common factor of 38033 and 4597304.
521
What is the highest common factor of 22 and 2452623976?
22
Calculate the greatest common factor of 6126 and 2793315102.
6126
What is the highest common factor of 12332780 and 120?
20
What is the highest common divisor of 28052992 and 879?
293
What is the highest common divisor of 4081117 and 55519?
941
Calculate the highest common divisor of 18440 and 92158510.
4610
Calculate the highest common divisor of 694 and 39806799.
347
Calculate the greatest common factor of 595832 and 24424.
568
What is the greatest common factor of 6714626 and 10982?
578
Calculate the highest common factor of 15418368 and 3780.
252
What is the greatest common factor of 17420 and 4782460?
1340
Calculate the greatest common factor of 88 and 481424.
8
What is the highest common factor of 105 and 125740055?
35
What is the greatest common divisor of 152 and 13828941?
19
What is the greatest common divisor of 5530 and 120980?
10
What is the greatest common divisor of 12347 and 4?
1
What is the greatest common factor of 71492840 and 27120?
4520
Calculate the highest common factor of 55842 and 12096.
6
What is the highest common divisor of 214988095 and 6565?
505
Calculate the highest common factor of 2835 and 941826690.
2835
Calculate the greatest common divisor of 4 and 17751044.
4
Calculate the highest common divisor of 6128028 and 1932.
276
Calculate the greatest common divisor of 973775 and 115225.
275
What is the greatest common factor of 110025 and 4771825?
4075
What is the greatest common divisor of 33376 and 1734509?
1043
Calculate the highest common divisor of 780 and 2524980.
60
What is the highest common divisor of 832546 and 35464?
286
Calculate the highest common factor of 90 and 2678201640.
90
What is the greatest common divisor of 2954 and 2524487?
7
What is the greatest common divisor of 1411 and 1847900?
17
Calcu